 = -3*o + 114. What are the prime factors of o?
2, 17
Let k(h) = 1 - 9*h**2 + 2*h + 8*h**2 - 2*h**2 - h. Let y be k(-2). Let b = -9 - y. What are the prime factors of b?
2
List the prime factors of (-44)/(-22) + (618 - -1).
3, 23
Let j(p) = p**3 + 5*p**2 - 7*p - 3. Let t be j(-6). Suppose 885 = 4*l + t*y, y = l - 4*y - 204. What are the prime factors of l?
3, 73
What are the prime factors of (143*7 - 0) + 106/53?
17, 59
Let b = 4236 - 2843. What are the prime factors of b?
7, 199
Let l be 3 + 2215/(-25) - 2/5. Let y = 169 + l. What are the prime factors of y?
83
Suppose 3*b - 20 = 4*u, b - 5*u = -0*u + 25. Suppose -6*y + 3*y - 3*t + 687 = b, 3*y - 683 = -4*t. List the prime factors of y.
233
Let g(z) = -z**2 - 13*z - 6. Let b be g(-12). Let l = b - 17. What are the prime factors of (6/4)/(l/(-154))?
3, 7
Let h(b) = -b**3 - 7*b**2 + 4*b - 11. Let v = -20 - -33. Let x(d) = -d**3 + 12*d**2 + 11*d + 18. Let i be x(v). What are the prime factors of h(i)?
3, 7
Suppose -l + 858 = -1346. List the prime factors of l.
2, 19, 29
List the prime factors of ((-51)/21 - -2) + (-112742)/(-98).
2, 5, 23
Let c(n) = n**3 - 2*n**2 + 8*n - 6. Suppose 20 = -112*u + 116*u. What are the prime factors of c(u)?
109
Suppose 0 = -2*t - 2*z + 114, -38*t + 40*t - 4*z - 96 = 0. List the prime factors of t.
2, 3
Let z = 7 - 4. Suppose z*j - x - 2*x - 321 = 0, 2*j + 4*x - 220 = 0. List the prime factors of j.
2, 3
Let g(b) = 5*b - 9. Let q(n) = -2*n + 3. Let f(z) = 4*g(z) + 11*q(z). Let j be f(-2). What are the prime factors of -1*(-71 - 0/j)?
71
Suppose -3*t = -4*z - 1617, 3*t - 765 - 849 = 3*z. Suppose t = 4*k - 5*r, r + 137 = k + 3*r. List the prime factors of k.
3, 5
What are the prime factors of (60/(-75))/((-9)/(293895/6))?
2, 7, 311
Let z be (-8 + 4)/(-3*(-2)/(-3)). Suppose 109 = z*t - t. What are the prime factors of t?
109
Suppose 0 = 5*f + 41 + 619. Let i be f/(-18) + 1/(-3). Let r(a) = 2*a + 7. List the prime factors of r(i).
3, 7
Let k = 119 - 71. What are the prime factors of k?
2, 3
Suppose 0 = -10*x + 14*x - 3760. List the prime factors of x.
2, 5, 47
Let l be -2 + 35 + -2 + 1. Let d = l + -18. Suppose 5*a - d = -g, -4*a + a + 7 = 2*g. What are the prime factors of a?
3
Suppose 20*n - 156 = 17*n. Let b be 418/18 + (-4)/18. Let i = n - b. What are the prime factors of i?
29
Let m(d) = -d**3 + 17*d**2 + d - 12. Suppose 5*i + 8 = -a, 0 = 2*a + 4*i - 4 - 10. Let o be m(a). Suppose -101 - 119 = -o*p. List the prime factors of p.
2, 11
Let g(a) = a**2 - a - 22. Let d be g(-4). What are the prime factors of d/(-6) + (-2755)/(-15)?
2, 23
Suppose -827 = 9*d - 3689. List the prime factors of d.
2, 3, 53
Let s(a) = 18 - 5 - 2*a + 3*a. Let x be s(-16). Let y = x - -50. List the prime factors of y.
47
Suppose -41*l + 39*l = -174. What are the prime factors of l?
3, 29
What are the prime factors of (9966/10 - 4) + 6/15?
3, 331
Suppose 18 = 5*v - 2*k, 0*v - 3*k = -5*v + 22. List the prime factors of 4 - 7 - (v + -240).
5, 47
Suppose -2*d - 140 = -1788. List the prime factors of d.
2, 103
Suppose -1 + 5 = i. Suppose -w + 5*f - 52 = -i*w, -4*w - 3*f + 62 = 0. Suppose -x = -3*x + w. What are the prime factors of x?
7
Let s(d) = -23*d + 63. What are the prime factors of s(-28)?
7, 101
Let v(q) = 13*q**2 + 47*q + 27. Let l(x) = 3*x**2 + 12*x + 7. Let b(f) = 9*l(f) - 2*v(f). What are the prime factors of b(-15)?
2, 3
Let s = 1773 - 412. What are the prime factors of s?
1361
Let o(w) = -656*w - 38. List the prime factors of o(-3).
2, 5, 193
Let u = -33 + 49. Let r be 38/6 + u/24. Suppose -2*b + r*b = 65. List the prime factors of b.
13
Suppose 0 = -0*k + 7*k - 21. What are the prime factors of k/(9/(-6))*-1?
2
List the prime factors of (42/(-4))/3*(1 - 127).
3, 7
Let n be 0/(100/(-60) - (-2)/3). Suppose 3*c + k = -n*c + 82, -2*k - 32 = -c. What are the prime factors of c?
2, 7
Suppose 2*y + 3*k + 9 = 0, 4*y - 5*k - 5 - 10 = 0. Suppose 2*r + 2*o = 2, -5*r + o + 10 + 25 = y. What are the prime factors of ((-477)/r)/(6/(-4))?
53
List the prime factors of (-2)/(14/441*9) - -5216.
5209
Let g(y) = y + 2. Let p be g(4). Let j(b) = b - 8. Let n be j(p). List the prime factors of ((-36)/15)/(n/15).
2, 3
Let f(c) = 1103*c**3 - 2*c**2 + 11*c - 9. List the prime factors of f(1).
1103
Let m = -37 + 31. What are the prime factors of (-412)/m - (-12)/36?
3, 23
Suppose -a + 6*a - 7300 = 2*f, -5*a + 5*f + 7315 = 0. Suppose -a = -17*o + 293. What are the prime factors of o?
103
What are the prime factors of (-3342)/(-21) + (-6)/42?
3, 53
Let s = -38 - -43. Let m(b) = b**3 - b**2 - 12*b + 3. List the prime factors of m(s).
43
Suppose -g + 483 = -631. Suppose 5*t - g = 2*k, -4*k + 1518 = 5*t + 416. List the prime factors of t.
2, 3, 37
Suppose 449 + 73 = 18*n. Suppose -3*v = -4*v + n. What are the prime factors of v?
29
Let q(c) = 5*c**2 + c + 3. Let b be q(-3). Let y(a) = 38*a**2 - 2*a - 1. Let w be y(-1). Suppose -4*z + b = -w. What are the prime factors of z?
3, 7
Let p(q) be the third derivative of 29*q**4/24 - 2*q**3/3 - 8*q**2. List the prime factors of p(1).
5
Let k(a) = 9*a**3 + 3*a**2 - 2*a + 16. List the prime factors of k(7).
2, 809
Let b be (-1)/(-5 + (-27)/(-6)). List the prime factors of ((-277)/(-2))/(b/4).
277
Let l = 322 - -289. List the prime factors of l.
13, 47
Suppose g - 1096 = 3*z, 7*z + 5516 = 5*g + 4*z. List the prime factors of g.
5, 13, 17
Let o be (4/(-12)*-23)/(2/36). Suppose 7*d - 114 = o. What are the prime factors of d?
2, 3
Let y(h) be the second derivative of h**5/20 + h**4/4 + h**3/6 - h**2 - 6*h. Let m be y(-5). Let l = m - -84. What are the prime factors of l?
3
Suppose -3*j = -7*j - 3*p + 18, -4*j = -2*p - 28. What are the prime factors of 1/(-3) - 1*(-1184)/j?
197
Let j(f) = -24*f**2 - 2*f + 34*f**2 + 11*f - 25 - 2*f. What are the prime factors of j(4)?
163
Suppose 2048 = 96*z - 88*z. List the prime factors of z.
2
Let u(y) = -2*y**3 - 7*y**2 - 4*y + 8. Let m = 16 + -20. Let h be u(m). Suppose -29 - h = -x. What are the prime factors of x?
3, 23
Suppose 2*a - 4*x = 7*a - 1544, 2*x + 1538 = 5*a. Suppose l = -5*j + 177, -3*j = 3*l - a - 247. List the prime factors of l.
11, 17
Let p(k) be the first derivative of k**3/3 - k + 1. Let s be p(-2). Let c(j) = 7*j + 6. What are the prime factors of c(s)?
3
Suppose s - 85 = -5*v, 3*v + 10 - 401 = -4*s. What are the prime factors of s?
2, 5
Suppose -3*c = 2*o - 13541, c + 5*o = 2*c - 4491. What are the prime factors of c?
13, 347
Let g be -5 + 3 - (2 + -1). Let v be (3 + 7)*(-4 - g). List the prime factors of (v/(-15))/(2/180).
2, 3, 5
Let g = 3235 + -1860. List the prime factors of g.
5, 11
Suppose -2*a = -4*a + 2*b + 18, 3*a - 22 = -2*b. List the prime factors of 2*103 + (-12)/a*-2.
11, 19
Let m = -58 - -57. What are the prime factors of ((-596)/8)/(m/2)?
149
Let l = -53 + 157. Suppose 4*b = l + 8. What are the prime factors of b?
2, 7
What are the prime factors of (9/5)/(-11 + 59960/5450)?
3, 109
Let q = -12 - 8. What are the prime factors of 5/2*(-224)/q?
2, 7
Let y(x) = -x**3 + 15*x**2 + 18*x - 29. Let p be y(16). Suppose 112 = l - 2*q, p*l - 2*q = -4*q + 376. List the prime factors of l.
2, 61
Let x be ((-4)/6)/((-4)/12). Suppose x*f - 5*f = -6. Suppose -8 = -f*g - 0*g. What are the prime factors of g?
2
Let u(h) = -2*h**3 - 7*h**2 - 23*h - 16. List the prime factors of u(-8).
2, 3, 31
Suppose 148*t = 144*t - z + 5677, z - 7096 = -5*t. What are the prime factors of t?
3, 11, 43
Suppose 3*m - 8*m + 1770 = 0. List the prime factors of m.
2, 3, 59
Let b(o) = 223*o - 82. What are the prime factors of b(3)?
587
Suppose 0 = g - 2*g + 5. Suppose 2*p = g*p - 15. Let w(t) = 12*t + 4. List the prime factors of w(p).
2
What are the prime factors of ((-13)/52)/((-12438)/(-12440) - 1)?
5, 311
Suppose -3*j = j - 4, 4*j = 4*z - 8. Let q be (-717)/(-9)*z + 1. Suppose a = -3*a + q. List the prime factors of a.
2, 3, 5
Let p(v) = 2*v - 3. Let y be p(-4). Let o = y - -14. Suppose -2*w = 5*r - 47, -4*w - r + o*r = -106. What are the prime factors of w?
2, 13
Let y be 0 - (-1 + (-3)/3). Suppose y*w + 3 = -4*o - 3, 4*w = -2*o + 6. Suppose w*i = 5*i - 32. List the prime factors of i.
2
Let o(j) = 2*j**2 - 4*j + 6. Let k = -4 + 9. What are the prime factors of o(k)?
2, 3
What are the prime factors of 282/(-47) + 912/2?
2, 3, 5
Let m(g) 